{"id":35,"date":"2015-11-22T11:18:10","date_gmt":"2015-11-22T10:18:10","guid":{"rendered":"http:\/\/www.tirages-art.fr\/?page_id=35"},"modified":"2018-11-03T22:31:35","modified_gmt":"2018-11-03T21:31:35","slug":"mentions-legales","status":"publish","type":"page","link":"https:\/\/www.jean-michel-ducasse.com\/boutique\/mentions-legales\/","title":{"rendered":"Mentions l\u00e9gales"},"content":{"rendered":"<h4>H\u00e9bergement du site internet<\/h4>\n<p>1&amp;1 Internet SARL<br \/>\n7, place de la Gare<br \/>\nBP 70109<br \/>\n57201 Sarreguemines Cedex<br \/>\n0970 808 911<br \/>\n<a href=\"http:\/\/www.1and1.fr\/\">www.1and1.fr<\/a><\/p>\n<p><strong>Photographies \/ Conception, r\u00e9alisation<\/strong><br \/>\nJean-Michel Ducasse<br \/>\nT\u00e9l. : 06 82 80 89 99<br \/>\nCourriel : contact@tirages-art.fr<br \/>\nSiret : 519 672 109 00013<br \/>\nD\u00e9claration CNIL : 1637276<\/p>\n<p>Les photographies et tous les \u00e9l\u00e9ments composant le site sont la propri\u00e9t\u00e9 de Jean-Michel DUCASSE.<br \/>\nToute reproduction totale ou partielle des photographies pr\u00e9sent\u00e9es, effectu\u00e9e sans autorisation expresse, est donc prohib\u00e9e au sens de l\u2019article L713-2 du Code de Propri\u00e9t\u00e9 Intellectuelle.<\/p>\n<p>Tous les contenus pr\u00e9sents sur le site sont soumis \u00e0 la r\u00e9glementation sur les droits d&rsquo;auteur (code de la propri\u00e9t\u00e9 litt\u00e9raire et artistique).<br \/>\nTous les \u00e9crits et photographies ne sauraient \u00eatre reproduits sans demande pr\u00e9alable \u00e0 Jean-Michel DUCASSE. Une fois l&rsquo;autorisation obtenue, la reproduction du contenu doit \u00eatre accompagn\u00e9e de la mention \u00a0\u00bb paru sur le site : www.jean-michel-ducasse.com.<br \/>\nPour obtenir une autorisation de reproduction, il faut en faire la demande \u00e0 Jean-Michel DUCASSE : contact@tirages-art.fr<\/p>\n<h4>Liens hypertextes<\/h4>\n<p>Les liens vers d&rsquo;autres sites sont donn\u00e9s \u00e0 titre indicatif. La pr\u00e9sence de liens hypertexte vers d&rsquo;autres sites ne peut engager la responsabilit\u00e9 de Jean-Michel DUCASSE sur le contenu de ces sites.<\/p>\n<h4>Donn\u00e9es personnelles<\/h4>\n<p>Conform\u00e9ment \u00e0 la loi \u00a0\u00bb Informatique et Libert\u00e9s \u00ab\u00a0, le traitement des informations nominatives relatives aux clients a fait l&rsquo;objet d&rsquo;une d\u00e9claration aupr\u00e8s de la Commission Nationale de l&rsquo;Informatique et des Libert\u00e9s (CNIL) sous le num\u00e9ro 1637276<\/p>\n<p>Le client dispose (article 34 de la loi du 6 janvier 1978) d&rsquo;un droit d&rsquo;acc\u00e8s, de modification, de rectification et de suppression des donn\u00e9es qui le concernent, qu&rsquo;il peut exercer aupr\u00e8s de la Jean-Michel DUCASSE.<\/p>\n<p>Jean-Michel DUCASSE s&rsquo;engage \u00e0 ne pas divulguer \u00e0 des tiers les informations communiqu\u00e9es par le client. Celles-ci sont confidentielles.<\/p>\n<p>Elles ne seront utilis\u00e9es que pour le traitement de la commande du client et afin de renforcer et personnaliser la communication des produits r\u00e9serv\u00e9s aux clients de la Jean-Michel DUCASSE, notamment par des lettres d&rsquo;informations, auxquelles le client pourra se d\u00e9sabonner \u00e0 tout moment, ainsi que dans le cadre de la personnalisation du site en fonction de ses centres d&rsquo;int\u00e9r\u00eat.<\/p>\n","protected":false},"excerpt":{"rendered":"<p>H\u00e9bergement du site internet 1&amp;1 Internet SARL 7, place de la Gare BP 70109 57201 Sarreguemines Cedex 0970 808 911 www.1and1.fr Photographies \/ Conception, r\u00e9alisation Jean-Michel Ducasse T\u00e9l. : 06 82 80 89 99 Courriel : contact@tirages-art.fr Siret : 519 672 109 00013 D\u00e9claration CNIL : 1637276 Les photographies et tous les \u00e9l\u00e9ments composant le [&hellip;]<\/p>\n","protected":false},"author":1,"featured_media":0,"parent":0,"menu_order":0,"comment_status":"closed","ping_status":"closed","template":"","meta":{"_acf_changed":false,"footnotes":""},"class_list":["post-35","page","type-page","status-publish","hentry"],"acf":[],"_links":{"self":[{"href":"https:\/\/www.jean-michel-ducasse.com\/boutique\/wp-json\/wp\/v2\/pages\/35","targetHints":{"allow":["GET"]}}],"collection":[{"href":"https:\/\/www.jean-michel-ducasse.com\/boutique\/wp-json\/wp\/v2\/pages"}],"about":[{"href":"https:\/\/www.jean-michel-ducasse.com\/boutique\/wp-json\/wp\/v2\/types\/page"}],"author":[{"embeddable":true,"href":"https:\/\/www.jean-michel-ducasse.com\/boutique\/wp-json\/wp\/v2\/users\/1"}],"replies":[{"embeddable":true,"href":"https:\/\/www.jean-michel-ducasse.com\/boutique\/wp-json\/wp\/v2\/comments?post=35"}],"version-history":[{"count":4,"href":"https:\/\/www.jean-michel-ducasse.com\/boutique\/wp-json\/wp\/v2\/pages\/35\/revisions"}],"predecessor-version":[{"id":928,"href":"https:\/\/www.jean-michel-ducasse.com\/boutique\/wp-json\/wp\/v2\/pages\/35\/revisions\/928"}],"wp:attachment":[{"href":"https:\/\/www.jean-michel-ducasse.com\/boutique\/wp-json\/wp\/v2\/media?parent=35"}],"curies":[{"name":"wp","href":"https:\/\/api.w.org\/{rel}","templated":true}]}}