{"id":39,"date":"2015-11-22T11:23:07","date_gmt":"2015-11-22T10:23:07","guid":{"rendered":"http:\/\/www.tirages-art.fr\/?page_id=39"},"modified":"2015-11-22T11:23:07","modified_gmt":"2015-11-22T10:23:07","slug":"cookies","status":"publish","type":"page","link":"https:\/\/www.jean-michel-ducasse.com\/boutique\/cookies\/","title":{"rendered":"Cookies"},"content":{"rendered":"<h2>D\u00e9claration de confidentialit\u00e9 relative aux Cookies<\/h2>\n<p>&nbsp;<\/p>\n<h4>Domaine d\u2019application<\/h4>\n<p>Cette D\u00e9claration de Confidentialit\u00e9 de Site Internet (la \u201cD\u00e9claration\u201d) s\u2019applique aux informations personnelles collect\u00e9es par nous. Cette D\u00e9claration refl\u00e8te notre engagement \u00e0 prot\u00e9ger les informations personnelles (informations susceptibles de permettre l\u2019identification d\u2019une personne) que vous nous communiquez \u00e9lectroniquement.<\/p>\n<p>Notre Politique de Confidentialit\u00e9 concerne g\u00e9n\u00e9ralement la protection des informations personnelles et s\u2019applique \u00e0 l\u2019utilisation de ce site Internet, en compl\u00e9ment de la pr\u00e9sente D\u00e9claration. La pr\u00e9sente D\u00e9claration explique la fa\u00e7on dont les informations personnelles sont trait\u00e9es lorsque vous acc\u00e9derez et naviguerez sur ce site Internet.<\/p>\n<p>En visitant ce site informatique, vous acceptez que vos informations personnelles soient utilis\u00e9es comme le d\u00e9finit la pr\u00e9sente D\u00e9claration et notre Politique g\u00e9n\u00e9rale de Confidentialit\u00e9.<\/p>\n<h4>Informations Personnelles<\/h4>\n<p>Les informations personnelles que vous pouvez nous communiquer au travers de ce site Internet incluent, non limitativement les informations que vous communiquez en ligne telles que nom et coordonn\u00e9es\u00a0;<\/p>\n<h4>Politique d\u2019inclusion<\/h4>\n<p>Conform\u00e9ment \u00e0 la l\u00e9gislation de l\u2019UE, nous vous donnons la possibilit\u00e9 d\u2019appara\u00eetre sur une \u201cliste d\u2019inclusion\u201d pour recevoir des courriels de notre part lorsque nous vous demandons ces informations. En outre, lorsque nous vous contactons par courriel, nous vous fournissons des instructions sur la fa\u00e7on de vous d\u00e9sabonner de fa\u00e7on \u00e0 ne plus recevoir de courriels ou de courrier si vous le souhaitez.<\/p>\n<h4>Les cookies, qu\u2019est-ce que c\u2019est ?<\/h4>\n<p>Les cookies sont de petits fichiers d\u2019informations qui sont envoy\u00e9s \u00e0 votre ordinateur ou \u00e0 votre appareil mobile\/portable (comme un smartphone ou une tablette) lorsque vous naviguez sur notre site. Ils permettent de se \u00ab souvenir \u00bb que vous avez acc\u00e9d\u00e9 \u00e0 ce site Web via votre ordinateur ou tout autre appareil. Les cookies sont tr\u00e8s pratiques car ils vous permettent de naviguer efficacement d\u2019une page \u00e0 l\u2019autre et ils m\u00e9morisent vos pr\u00e9f\u00e9rences. Les informations que nous recueillons gr\u00e2ce aux cookies sont utilis\u00e9es pour des analyses statistiques, afin d\u2019am\u00e9liorer le contenu et l\u2019utilisation de ce site et de s\u2019assurer de sa bonne performance.<\/p>\n<h4>Quels types de cookies utilisons-nous et pourquoi ?<\/h4>\n<p>Nous utilisons un cookie appel\u00e9 \u00ab Google Analytics \u00bb ou des cookies de m\u00eame type, afin de recueillir des informations sur la fa\u00e7on dont les visiteurs utilisent notre site (par ex., le nombre de visites effectu\u00e9es, la fr\u00e9quence de ces visites et quelles sont les pages les plus vues). Nous utilisons ensuite ces informations pour \u00e9tablir des rapports et pour am\u00e9liorer la structure et la conception du site. Toutefois, nous n\u2019utilisons pas de cookies pour recueillir ou enregistrer les informations relatives au nom de l\u2019utilisateur, \u00e0 son adresse, ou \u00e0 tout autre d\u00e9tail permettant d\u2019identifier la personne.<\/p>\n<h4>Comment d\u00e9sactiver les cookies ?<\/h4>\n<p>Pour d\u00e9sactiver les cookies, il vous suffit de modifier les param\u00e8tres de votre navigateur pour refuser les cookies. La mani\u00e8re de proc\u00e9der d\u00e9pend du navigateur que vous utilisez. Aujourd\u2019hui, tous les navigateurs permettent de changer les param\u00e8tres relatifs aux cookies : ils se trouvent g\u00e9n\u00e9ralement dans le menu \u00ab Options \u00bb ou \u00ab Pr\u00e9f\u00e9rences \u00bb de votre navigateur. Pour bien comprendre ces param\u00e8tres, les liens ci-apr\u00e8s peuvent \u00eatre utiles ; vous pouvez \u00e9galement utiliser l\u2019Aide de votre navigateur pour plus de d\u00e9tails.<\/p>\n<p>Param\u00e8tres des cookies pour Internet Explorer<\/p>\n<p><a href=\"http:\/\/support.microsoft.com\/kb\/196955\">http:\/\/support.microsoft.com\/kb\/196955<\/a><\/p>\n<p>Param\u00e8tres des cookies pour Firefox<\/p>\n<p><a href=\"http:\/\/support.mozilla.org\/en-US\/kb\/Cookies\">http:\/\/support.mozilla.org\/en-US\/kb\/Cookies<\/a><\/p>\n<p>Param\u00e8tres des cookies pour Google Chrome<\/p>\n<p><a href=\"http:\/\/support.google.com\/chrome\/bin\/answer.py?hl=en&amp;answer=95647\">http:\/\/support.google.com\/chrome\/bin\/answer.py?hl=en&amp;answer=95647<\/a><\/p>\n<p>Param\u00e8tres des cookies pour Safari<\/p>\n<p><a href=\"http:\/\/support.apple.com\/kb\/PH5042\">http:\/\/support.apple.com\/kb\/PH5042<\/a><\/p>\n<p>Comment d\u00e9sactiver Google analytics<\/p>\n<p><a href=\"http:\/\/www.google.com\/intl\/en\/privacypolicy.html\">http:\/\/www.google.com\/intl\/en\/privacypolicy.html<\/a><\/p>\n<p>Sinon, vous pouvez \u00e9galement aller sur<\/p>\n<p><a href=\"http:\/\/www.allaboutcookies.org\/\">www.allaboutcookies.org<\/a> qui propose des informations compl\u00e8tes sur les cookies et sur la fa\u00e7on de modifier les param\u00e8tres pour un grand nombre de navigateurs (en anglais).<\/p>\n<p>&nbsp;<\/p>\n<p><strong>Que se passe-t-il si je d\u00e9sactive les cookies ?<\/strong><\/p>\n<p>Si vous d\u00e9sactivez les cookies, il est possible que certaines fonctionnalit\u00e9s du site, ou que toutes ses fonctionnalit\u00e9s, fonctionnent mal ou ne fonctionnent plus du tout.<\/p>\n<p>&nbsp;<\/p>\n<h4>Pixels invisibles<\/h4>\n<p>Certains de nos sites Internet et de nos mises \u00e0 jour de courriels peuvent contenir des images \u00e9lectroniques appel\u00e9es pixels invisibles. Elles nous permettent de compter les visiteurs qui ont consult\u00e9 nos pages. Dans les messages promotionnels et lettres d\u2019information par courriel, ils nous permettent de compter le nombre d\u2019abonn\u00e9s qui les ont lus. Les pixels invisibles nous permettent de d\u00e9velopper des informations statistiques sur les activit\u00e9s et les caract\u00e9ristiques int\u00e9ressant le plus nos clients afin d\u2019offrir un contenu plus personnalis\u00e9. Ils ne servent pas \u00e0 acc\u00e9der aux informations personnellement identifiables sans votre consentement.<\/p>\n<h4>Liens vers d\u2019autres sites Internet<\/h4>\n<p>Nos sites peuvent contenir des liens avec d\u2019autres sites non affili\u00e9s pour votre confort. Lorsque vous acc\u00e9dez \u00e0 ces liens, vous quittez notre site Internet. Nous ne contr\u00f4lons pas de tels sites Internet. Ils disposent de leurs propres politiques et pratiques concernant la confidentialit\u00e9 en ligne et nous ne saurions \u00eatre tenus responsables des pratiques de confidentialit\u00e9 ou du contenu de ces sites non affili\u00e9s. Afin de lever tout doute, les informations personnelles que vous choisissez de communiquer \u00e0 des sites informatiques tiers isol\u00e9s ne sont pas couvertes par la pr\u00e9sente D\u00e9claration. Nous pouvons afficher des annonces de la part de tiers. Un tel annonceur peut \u00e9galement vous demander des informations personnelles. Nous ne saurions \u00eatre tenus responsables des pratiques de confidentialit\u00e9 des annonceurs sur nos sites Internet. Cependant, nous encourageons nos partenaires et annonceurs \u00e0 adopter des politiques de confidentialit\u00e9 conformes aux exigences juridiques locales.<\/p>\n<h4>Informations automatiquement enregistr\u00e9es<\/h4>\n<p>Lorsque vous entrez sur notre site Web, nous enregistrons automatiquement votre adresse de protocole Internet (\u201cIP\u201d) pour contr\u00f4ler les probl\u00e8mes avec notre serveur et administrer notre site Internet.<\/p>\n<h4>Modifications<\/h4>\n<p>La pr\u00e9sente D\u00e9claration est effective \u00e0 compter du premier Novembre 2014. M\u00eame si nous n\u2019avons pas l\u2019intention de modifier cette D\u00e9claration souvent, nous pouvons \u00eatre appel\u00e9s \u00e0 le faire de temps \u00e0 autre. Nous communiquerons toute d\u00e9claration modifi\u00e9e sur ce site Internet de fa\u00e7on \u00e0 ce que vous ayez connaissance des informations que nous collectons et de la fa\u00e7on dont nous les utilisons \u00e0 tout moment.<\/p>\n","protected":false},"excerpt":{"rendered":"<p>D\u00e9claration de confidentialit\u00e9 relative aux Cookies &nbsp; Domaine d\u2019application Cette D\u00e9claration de Confidentialit\u00e9 de Site Internet (la \u201cD\u00e9claration\u201d) s\u2019applique aux informations personnelles collect\u00e9es par nous. Cette D\u00e9claration refl\u00e8te notre engagement \u00e0 prot\u00e9ger les informations personnelles (informations susceptibles de permettre l\u2019identification d\u2019une personne) que vous nous communiquez \u00e9lectroniquement. Notre Politique de Confidentialit\u00e9 concerne g\u00e9n\u00e9ralement la protection [&hellip;]<\/p>\n","protected":false},"author":1,"featured_media":0,"parent":0,"menu_order":0,"comment_status":"closed","ping_status":"closed","template":"","meta":{"_acf_changed":false,"footnotes":""},"class_list":["post-39","page","type-page","status-publish","hentry"],"acf":[],"_links":{"self":[{"href":"https:\/\/www.jean-michel-ducasse.com\/boutique\/wp-json\/wp\/v2\/pages\/39","targetHints":{"allow":["GET"]}}],"collection":[{"href":"https:\/\/www.jean-michel-ducasse.com\/boutique\/wp-json\/wp\/v2\/pages"}],"about":[{"href":"https:\/\/www.jean-michel-ducasse.com\/boutique\/wp-json\/wp\/v2\/types\/page"}],"author":[{"embeddable":true,"href":"https:\/\/www.jean-michel-ducasse.com\/boutique\/wp-json\/wp\/v2\/users\/1"}],"replies":[{"embeddable":true,"href":"https:\/\/www.jean-michel-ducasse.com\/boutique\/wp-json\/wp\/v2\/comments?post=39"}],"version-history":[{"count":2,"href":"https:\/\/www.jean-michel-ducasse.com\/boutique\/wp-json\/wp\/v2\/pages\/39\/revisions"}],"predecessor-version":[{"id":91,"href":"https:\/\/www.jean-michel-ducasse.com\/boutique\/wp-json\/wp\/v2\/pages\/39\/revisions\/91"}],"wp:attachment":[{"href":"https:\/\/www.jean-michel-ducasse.com\/boutique\/wp-json\/wp\/v2\/media?parent=39"}],"curies":[{"name":"wp","href":"https:\/\/api.w.org\/{rel}","templated":true}]}}