{"id":1894,"date":"2020-12-11T07:35:01","date_gmt":"2020-12-11T06:35:01","guid":{"rendered":"https:\/\/www.jean-michel-ducasse.com\/boutique\/?post_type=product&#038;p=1894"},"modified":"2020-12-11T07:43:22","modified_gmt":"2020-12-11T06:43:22","slug":"lac-casterau-vallee-dossau","status":"publish","type":"product","link":"https:\/\/www.jean-michel-ducasse.com\/boutique\/photographies-d-art\/boutique\/paysages\/montagne\/lac-casterau-vallee-dossau\/","title":{"rendered":"Lac Cast\u00e9rau, Vall\u00e9e d&rsquo;Ossau"},"content":{"rendered":"<p>Votre tirage sera imprim\u00e9 sur papier HAHNEMUHLE Photo Rag 300gr. C\u2019est le papier pr\u00e9f\u00e9r\u00e9 des photographes pour la r\u00e9alisation de tirages d&rsquo;art. Le toucher et la structure superficielle tr\u00e8s fine et souple du Photo Rag sont versatiles et conviennent ainsi remarquablement au tirage de photos noir &amp; blanc, ainsi que pour la reproduction d&rsquo;\u0153uvres d&rsquo;art avec une grande profondeur d&rsquo;image<\/p>\n","protected":false},"excerpt":{"rendered":"<p>Photographie du lac Cast\u00e9rau, Vall\u00e9e d&rsquo;Ossau. C&rsquo;est le 5\u00e8me et dernier lac de la c\u00e9l\u00e8bre randonn\u00e9e des Lacs d&rsquo;Ayous<\/p>\n","protected":false},"featured_media":1899,"comment_status":"open","ping_status":"closed","template":"","meta":{"_acf_changed":false},"product_brand":[],"product_cat":[87,126,96],"product_tag":[191,88,11,13,192],"class_list":{"0":"post-1894","1":"product","2":"type-product","3":"status-publish","4":"has-post-thumbnail","6":"product_cat-montagne","7":"product_cat-paysages","8":"product_cat-boutique","9":"product_tag-expo","10":"product_tag-montagne","11":"product_tag-noir-et-blanc","12":"product_tag-photo","13":"product_tag-tirage-dart","14":"product_shipping_class-france","16":"first","17":"instock","18":"shipping-taxable","19":"purchasable","20":"product-type-variable"},"acf":[],"_links":{"self":[{"href":"https:\/\/www.jean-michel-ducasse.com\/boutique\/wp-json\/wp\/v2\/product\/1894","targetHints":{"allow":["GET"]}}],"collection":[{"href":"https:\/\/www.jean-michel-ducasse.com\/boutique\/wp-json\/wp\/v2\/product"}],"about":[{"href":"https:\/\/www.jean-michel-ducasse.com\/boutique\/wp-json\/wp\/v2\/types\/product"}],"replies":[{"embeddable":true,"href":"https:\/\/www.jean-michel-ducasse.com\/boutique\/wp-json\/wp\/v2\/comments?post=1894"}],"wp:featuredmedia":[{"embeddable":true,"href":"https:\/\/www.jean-michel-ducasse.com\/boutique\/wp-json\/wp\/v2\/media\/1899"}],"wp:attachment":[{"href":"https:\/\/www.jean-michel-ducasse.com\/boutique\/wp-json\/wp\/v2\/media?parent=1894"}],"wp:term":[{"taxonomy":"product_brand","embeddable":true,"href":"https:\/\/www.jean-michel-ducasse.com\/boutique\/wp-json\/wp\/v2\/product_brand?post=1894"},{"taxonomy":"product_cat","embeddable":true,"href":"https:\/\/www.jean-michel-ducasse.com\/boutique\/wp-json\/wp\/v2\/product_cat?post=1894"},{"taxonomy":"product_tag","embeddable":true,"href":"https:\/\/www.jean-michel-ducasse.com\/boutique\/wp-json\/wp\/v2\/product_tag?post=1894"}],"curies":[{"name":"wp","href":"https:\/\/api.w.org\/{rel}","templated":true}]}}

Lac Castérau, Vallée d&rsquo;Ossau

<p>Votre tirage sera imprimé sur papier HAHNEMUHLE Photo Rag 300gr. C’est le papier préféré des photographes pour la réalisation de tirages d&rsquo;art. Le toucher et la structure superficielle très fine et souple du Photo Rag sont versatiles et conviennent ainsi remarquablement au tirage de photos noir &amp; blanc, ainsi que pour la reproduction d&rsquo;œuvres d&rsquo;art avec une grande profondeur d&rsquo;image</p>

<p>Photographie du lac Castérau, Vallée d&rsquo;Ossau. C&rsquo;est le 5ème et dernier lac de la célèbre randonnée des Lacs d&rsquo;Ayous</p>
