{"id":2553,"date":"2022-04-27T09:11:02","date_gmt":"2022-04-27T08:11:02","guid":{"rendered":"https:\/\/www.jean-michel-ducasse.com\/boutique\/?post_type=product&#038;p=2553"},"modified":"2022-05-22T07:14:34","modified_gmt":"2022-05-22T06:14:34","slug":"vue-dun-bras-articule-de-suspension-de-vehicule-de-course-de-collection-dans-son-stand-avant-sa-course-au-grand-prix-de-pau-historique","status":"publish","type":"product","link":"https:\/\/www.jean-michel-ducasse.com\/boutique\/photographies-d-art\/banque-dimages\/vehicules\/vue-dun-bras-articule-de-suspension-de-vehicule-de-course-de-collection-dans-son-stand-avant-sa-course-au-grand-prix-de-pau-historique\/","title":{"rendered":"Vue  d\u2019un bras articul\u00e9 de suspension de v\u00e9hicule de course de collection dans son stand avant sa course au Grand Prix de Pau Historique"},"content":{"rendered":"<p><strong>Tirage professionnel dans cadre aluminium noir mat 60x40cm<\/strong><\/p>\n<p>Vue d\u2019un bras articul\u00e9 de suspension de v\u00e9hicule de course de collection dans son stand avant sa course au Grand Prix de Pau Historique<\/p>\n<p>Le grand prix de Pau est \u00e9preuve de course automobile (faisant suite au Grand Prix Moderne)\u00a0 qui se d\u00e9roule chaque ann\u00e9e et qui\u00a0 sur le circuit de la ville de Pau (le trac\u00e9 est situ\u00e9 dans certaines rues de la ville comme l\u2019avenue Gaston Lacoste, le contournement du parc Beaumont, la mont\u00e9e vers le pont Oscar au pied du boulevard des Pyr\u00e9n\u00e9es),\u00a0 Pyr\u00e9n\u00e9es-Atlantiques,\u00a0 France. Plusieurs types de courses s\u2019y d\u00e9roulent comme le Maxi 1300 &amp; British GT, l\u2019Historic Endurance 76GT, le Touring and GT, HGPCA F1 Pr\u00e9 61 Moteur Avant + Pr\u00e9 66 Moteur Arri\u00e8re + F.Junior, Les l\u00e9gendes du Grand Prix de Pau Historique (F1 \/ F2 \/ F5000 pr\u00e9 79) etc.<\/p>\n","protected":false},"excerpt":{"rendered":"<p>Vue d\u2019un bras articul\u00e9 de suspension de v\u00e9hicule de course de collection dans son stand avant sa course au Grand Prix de Pau Historique<\/p>\n","protected":false},"featured_media":2555,"comment_status":"closed","ping_status":"closed","template":"","meta":{"_acf_changed":false},"product_brand":[],"product_cat":[169,168],"product_tag":[338,175,177,339,172,174,178,173,171,176,179,170],"class_list":{"0":"post-2553","1":"product","2":"type-product","3":"status-publish","4":"has-post-thumbnail","6":"product_cat-vehicules","7":"product_cat-vehicules-de-collection","8":"product_tag-338","9":"product_tag-automobile","10":"product_tag-bleu","11":"product_tag-bugatti","12":"product_tag-collection","13":"product_tag-courses","14":"product_tag-echappement","15":"product_tag-historique","16":"product_tag-jaguar","17":"product_tag-lola","18":"product_tag-lotus","19":"product_tag-roue-a-rayons","20":"product_shipping_class-france","22":"first","23":"instock","24":"shipping-taxable","25":"purchasable","26":"product-type-variable"},"acf":[],"_links":{"self":[{"href":"https:\/\/www.jean-michel-ducasse.com\/boutique\/wp-json\/wp\/v2\/product\/2553","targetHints":{"allow":["GET"]}}],"collection":[{"href":"https:\/\/www.jean-michel-ducasse.com\/boutique\/wp-json\/wp\/v2\/product"}],"about":[{"href":"https:\/\/www.jean-michel-ducasse.com\/boutique\/wp-json\/wp\/v2\/types\/product"}],"replies":[{"embeddable":true,"href":"https:\/\/www.jean-michel-ducasse.com\/boutique\/wp-json\/wp\/v2\/comments?post=2553"}],"wp:featuredmedia":[{"embeddable":true,"href":"https:\/\/www.jean-michel-ducasse.com\/boutique\/wp-json\/wp\/v2\/media\/2555"}],"wp:attachment":[{"href":"https:\/\/www.jean-michel-ducasse.com\/boutique\/wp-json\/wp\/v2\/media?parent=2553"}],"wp:term":[{"taxonomy":"product_brand","embeddable":true,"href":"https:\/\/www.jean-michel-ducasse.com\/boutique\/wp-json\/wp\/v2\/product_brand?post=2553"},{"taxonomy":"product_cat","embeddable":true,"href":"https:\/\/www.jean-michel-ducasse.com\/boutique\/wp-json\/wp\/v2\/product_cat?post=2553"},{"taxonomy":"product_tag","embeddable":true,"href":"https:\/\/www.jean-michel-ducasse.com\/boutique\/wp-json\/wp\/v2\/product_tag?post=2553"}],"curies":[{"name":"wp","href":"https:\/\/api.w.org\/{rel}","templated":true}]}}